 13. Suppose -k - 24 = -128. Calculate the highest common factor of k and f.
13
Suppose -10*p + 15 = -5*p. Suppose 3*k - 2*r - 16 = 5, -k - p*r = -18. What is the highest common factor of 27 and k?
9
Let v = 252 - 135. What is the greatest common factor of 13 and v?
13
Let m(a) be the second derivative of -2*a + 1/20*a**5 + 3/2*a**3 - 3/4*a**4 - a**2 + 0. Let t be m(8). Calculate the greatest common divisor of 24 and t.
6
Let t be (-18)/(-2)*(-2)/(-6). Suppose 4*p + 2 = t*a, -2*a + 0*a = -4*p. Suppose 0 = -8*u + 3*u + 40. Calculate the highest common divisor of p and u.
1
Let o(q) = -3*q**3 - q**2 + q - 2. Let p be o(-2). Let h be (-488)/(-12) + (-2)/3. Calculate the highest common divisor of h and p.
8
Suppose 5*d = 2*y + 12, -4*d + 32 = -0*d + 4*y. What is the greatest common divisor of d and 8?
4
Let f(h) = 2*h**2 + 34*h - 55. Let j be f(-19). Let y = 323 - 176. What is the greatest common factor of j and y?
21
Suppose 4*d - 5*r = 123, -d - 2*r + 129 = 4*d. Calculate the greatest common factor of d and 27.
27
Let y = 19 + -16. Calculate the highest common divisor of 24 and y.
3
Let v(p) = p**3 + 11*p**2 + 3*p - 9. Let o be v(-9). What is the greatest common divisor of o and 84?
42
Let x(a) = -3*a**3 - 2*a. Let h be x(-2). Let o = -33 - -40. Calculate the greatest common divisor of h and o.
7
Suppose -40 - 40 = -5*d. Let b be -4 - -1*(17 + 3). What is the greatest common divisor of b and d?
16
Let b be 166/8 + 11/44. What is the greatest common divisor of 189 and b?
21
Let w(f) = f**3 - 6*f**2 - 7*f - 9. Let b be w(8). Calculate the greatest common factor of 7 and b.
7
Suppose 0 = -4*x + p + 52, 5*x = 2*p + 51 + 17. Let q(l) = 3*l + x + 0*l - 2*l. Let t be q(-7). Calculate the highest common factor of 5 and t.
5
Let r = -20 - -28. Suppose 0 = 5*i - 7 - 8, -i = -4*u + 5. Let m = u - 1. Calculate the greatest common divisor of m and r.
1
Let n be -3 - 0 - (-178 + 1). Suppose -n - 26 = -2*a. What is the greatest common divisor of 40 and a?
20
Let z = -4 - -34. Suppose 0 = 3*v - 2*x - 15 + 3, 4*v - 3*x = 15. Calculate the highest common divisor of v and z.
6
Let w(m) = m**3 + 2*m**2 + 5*m - 4. Let c be w(3). What is the highest common divisor of 8 and c?
8
Let n be (-19)/(-4) + 4/16. Calculate the highest common factor of n and 5.
5
Let i be (-9)/(-15) + -1 + 264/10. Let x = -9 + 22. What is the greatest common divisor of i and x?
13
Let z be -47*(-2 + 0) + -4. Calculate the greatest common divisor of 18 and z.
18
Suppose -154 + 46 = -3*w. Let f be (-10)/(-3) - (-24)/w. What is the greatest common divisor of 32 and f?
4
Suppose -2*i - 8 = 2*i, -2*u + 2*i + 10 = 0. Let a = 1 + u. What is the highest common factor of a and 12?
4
Suppose 2*c = 9 - 3. Suppose -m + 36 = m + 2*h, 5*h + 120 = 5*m. What is the highest common factor of c and m?
3
Suppose 7*t - 20 = 2*t. Suppose t*o - 2*a - 18 = 0, -3*a = 2*o + 3*o + 5. Calculate the greatest common factor of 8 and o.
2
Let i(c) = c**3 - 1 - 4*c - 3*c**2 - 1 - 8*c**3. Let g be i(-2). What is the highest common divisor of g and 10?
10
Let b be 32/12 - (-2)/(-3). Let n(q) = 4*q**2 + 3*q - 5. Let g be n(-5). Suppose 60 + g = b*x. What is the greatest common divisor of x and 28?
14
Let v(g) = 3*g**2 - 5*g - 7. Let b be v(6). Let l = -16 - -20. Suppose 3*f - 57 = -5*i, 6*i - b = -l*f + i. Calculate the greatest common divisor of 2 and f.
2
Let v be 2/(24/(-15) + 2). Suppose 58 = r + 3*t, 0 = -2*r - r - v*t + 162. What is the highest common divisor of 7 and r?
7
Let s = 25 - 31. Let f(a) = 11*a**2 + 8*a - 3 + 4 + a**3 + 0*a**2. Let i be f(s). Calculate the highest common divisor of i and 19.
19
Suppose 0*b - 2 = -3*a + 5*b, -a + 4 = -5*b. Let v(x) = 4*x**2 + x + 1. Let w be v(a). Suppose i - w - 16 = 0. What is the highest common divisor of 50 and i?
10
Let o(q) = 413*q**2 - 2*q - 1. Let r be o(-2). Suppose 0 = -3*u - 2*u + r. Let v be 3/(-9) + u/3. What is the highest common divisor of v and 10?
10
Let t(n) = -4*n - 1. Let v(i) = i. Let l(m) = -t(m) - 5*v(m). Let s be l(-2). What is the highest common factor of s and 9?
3
Suppose -c - 3*l - 6 = 0, c = -4*l - 16 + 5. Let y = 10 - c. Calculate the highest common divisor of 4 and y.
1
Suppose 0*s = -s + 15. Suppose 3*t = s + 24. What is the highest common factor of 52 and t?
13
Suppose 4*d = -2*n + 6*n - 8, 0 = -n - 5*d - 4. Let b be 0 + n + 48/4. Suppose 0*r = 4*r - 156. What is the highest common divisor of r and b?
13
Let w = 13 + 3. What is the highest common factor of w and 56?
8
Let c = -56 + 61. Calculate the greatest common factor of 25 and c.
5
Let p = -5 + 32. Suppose 0 = -o - 5*z + 13, -5*o - 3*z = z - 23. What is the highest common divisor of o and p?
3
Let u be (11 - 16)*(-32)/10. Calculate the highest common divisor of 32 and u.
16
Suppose 4*m + 13 - 58 = -5*g, -m - 2*g = -15. Suppose -3 = -m*w + 17. Let u be 79 + 3 - w/2. Calculate the greatest common divisor of u and 32.
16
Let b be 3*(106/6 - 1). What is the highest common divisor of 20 and b?
10
Suppose -z - 2 = 0, -4*r + 2*z + z = -26. Suppose -h = -b + 3*h + 25, -r*h = 2*b + 2. What is the highest common divisor of 45 and b?
9
Suppose 2*z = 5*z. Suppose 3*n - 4 - 38 = z. Calculate the highest common factor of n and 70.
14
Suppose 6*m + 1408 = 10*m. What is the highest common factor of m and 32?
32
Let w be 1/5 - 216/(-20). Suppose f + f + 2 = 0. Let p be (0/(-3) - w)/f. Calculate the highest common divisor of 22 and p.
11
Suppose 4*u + 20 = 0, b + 3*b + 17 = -u. Let s be 2 + -3 - b/1. Let t(z) = 4*z**2 - 2*z. Let g be t(s). What is the greatest common divisor of g and 96?
12
Let k(h) = h. Let x be k(-6). Let p be ((-4)/x)/(10/(-15)). Let t be 0 + p + 15 - 2. Calculate the highest common factor of t and 6.
6
Suppose -3*s - 3*w - w = -32, 4*s + 9 = 5*w. Let j be (-3 + (-20)/(-8))*-8. Calculate the highest common factor of s and j.
4
Suppose -3*p = -4*y + 165, 150 = 5*y - 4*p - 55. Let z(r) = -r + 4. Let k be z(0). Suppose 0*f = k*f - 20. What is the greatest common divisor of f and y?
5
Suppose s + 12 = 68. Calculate the highest common factor of 140 and s.
28
Let c be 24/72 + 34/6. Calculate the greatest common factor of c and 6.
6
Let c = 54 - 0. What is the highest common divisor of c and 6?
6
Suppose -n = r - 1 - 6, -14 = -3*n + 4*r. Calculate the highest common factor of 9 and n.
3
Let u(s) = -2*s**2 + 0*s**3 - s**2 + s**3 + 5. Let j(m) = 5*m**2 - 1. Let n be j(-1). Let q be u(n). What is the highest common divisor of q and 42?
21
Suppose -2*j - 12 = -j. Let i = j + 29. What is the greatest common divisor of 153 and i?
17
Let o(j) = 6*j**2 + 3*j - 3. Let l be o(3). Suppose 5*p - 78 = -3*u, l = 4*p + 3*u - 3. What is the highest common divisor of p and 165?
15
Suppose -5*r - 4*y = -3*r - 90, 0 = -2*y - 6. Suppose 78 = 2*k - 2*i, -2*k + 66 = 3*i + 13. What is the greatest common divisor of r and k?
17
Let k(a) = -a**2 + 8*a + 10. Let b(n) = n**2 + 2*n - 7. Let r = 8 + -13. Let v be b(r). Let g be k(v). Calculate the greatest common divisor of 20 and g.
10
Suppose l - 8 = -0*l. What is the greatest common divisor of l and 24?
8
Let d be -1 - 0 - ((5 - 183) + 2). Calculate the highest common factor of d and 35.
35
Let x(f) = 9*f**2 - f - 1. Let o be x(-1). Let g(u) = -7*u - 3. Let v be g(-3). What is the greatest common factor of o and v?
9
Let s(h) = -3*h + 4*h + 2 + 0 - 3. Let y be s(2). Let j be (-2)/5*y*-35. Calculate the greatest common factor of j and 21.
7
Let p be 2/(-5) - 192/(-30). Suppose -2*u + 0 - 4 = 0, 56 = 2*j + 2*u. What is the greatest common divisor of p and j?
6
Suppose -g + 4*d = 6, -4*g + 3*d = -d. Let c be (-1)/(0 - g/8). Suppose -2*h + 12 = 4*f, 5*f = 3*h + 2*f. Calculate the greatest common factor of c and h.
2
Let m = -2 + 4. Let c be 3/(6/404) - m. Suppose -a = -5*f - 40, 0*a - 5*a + c = -4*f. Calculate the greatest common divisor of a and 8.
8
Let t(r) = r**3 + 12*r**2 - 12*r + 17. Let b be t(-13). What is the highest common factor of b and 16?
4
Let t(b) = 42*b**2 + b + 4. Let m be t(-2). Let o be 1*(2 + (2 - -30)). Calculate the greatest common divisor of o and m.
34
Let a(w) = -w**3 - 9*w**2 - 9*w + 4. Let k be a(-8). Suppose 7*j - 12 = 3*j. What is the highest common divisor of j and k?
3
Let a(b) = -16*b. Let d be a(-3). What is the greatest common divisor o